y**2 + 0 - 1/20*y**5 + r*y - y**3 - 5/12*y**4. Give u(-4).
6
Let j = 9 - 5. Let i(l) = -4*l + j*l - 4*l**2 - 5*l - 1 + l**3 - 3. Suppose 0 = -2*k + 7 + 3. Calculate i(k).
-4
Let x = -4 - -2. Suppose 2 = 3*p - 2*p. Let m(s) = s**2 + s + 0*s**p + 3*s - 3*s. Determine m(x).
2
Let r(u) = -2*u**2 - 2*u - 9. Let h(g) = -g**2 - g - 5. Let a be 5/(-2)*(-126)/45. Let l(w) = a*h(w) - 4*r(w). Determine l(-1).
1
Suppose 5*k = 10*k + 5. Let x(b) = 7*b**3 + b**2 - b - 1. Give x(k).
-6
Let j(n) = 3*n**2 - 4*n**2 + 7 - 2*n + 0*n. Suppose 5*y = 3*a + 40, 9 = 2*a + 4*y - 1. Give j(a).
-8
Let n be (-3)/6 - 33/(-6). Let x(s) = s**3 - 4*s**2 - 7*s + 4. Determine x(n).
-6
Let q(k) = -k - 15. Let o(y) be the first derivative of 5*y + 1. Let a(n) = -7*o(n) - 2*q(n). Give a(4).
3
Let t = 18 - 16. Let n(v) be the first derivative of 2 + t*v + 5/2*v**2 - 1/4*v**4 - v**3. Determine n(-4).
-2
Let j be 74/10 + (5 - 108/20). Let n(i) = i**2 - 5*i - 9. Calculate n(j).
5
Let b(t) be the first derivative of -2*t**3/3 - 5*t**2/2 + 6. Give b(-4).
-12
Let q(n) = 4*n - 5. Let p(y) = -5*y + 6. Let m(s) = 3*p(s) + 4*q(s). Determine m(4).
2
Let v(i) = 4 - i - i**2 + 0*i**2 - 5. Let j be ((26/(-65))/(1/(-15)))/(-2). Calculate v(j).
-7
Let v(h) be the second derivative of -h**5/2 + h**3/6 + h**2/2 + 11*h. Give v(-1).
10
Let y be 2/(0 + -2) - -4. Suppose y = -5*f - 2. Let x(n) = 2*n**2 + n. Determine x(f).
1
Let t = -13 - -13. Let a(z) = -z**2 - 10. What is a(t)?
-10
Let z(g) = -g**3 + 6*g**2 - 5*g - 1. Let c(w) = w**3 - 8*w**2 + 8*w - 2. Let s be c(7). Give z(s).
-1
Let q be (-30)/(-4)*32/48. Let c(o) = -o**3 - 4*o**2 - 4*o - 1. Let d be c(-3). Let y(p) = -p**2 + d*p**3 - 1 - p**2 + q*p**2. What is y(-2)?
-5
Let a(r) = -r**3 + 5*r**2 - 4*r + 1. Suppose 4 + 8 = 4*q. Calculate a(q).
7
Let h(f) be the first derivative of 1 + 1/4*f**4 + f + 4/3*f**3 + 3/2*f**2. Determine h(-3).
1
Let s be 9/6*(-2)/3. Let t = 15 + -9. Let g(q) = t*q - q - q. Calculate g(s).
-4
Let t(d) = d + 5. Let o be (-6)/(-4)*4/6. Suppose -9 = -0*p - 3*p. Let n be (p + 1)/(o - 2). Determine t(n).
1
Suppose -2*c + 10 = -4*c. Let r(d) = 5*d**3 + 9*d**2 - 3*d + 2. Let w(h) = 11*h**3 + 19*h**2 - 7*h + 3. Let m(q) = -9*r(q) + 4*w(q). Give m(c).
-1
Let c be 24/(-18) + (-1)/(-3). Let j be 7 - 2*(c + 2). Let r(m) = m + 1 + 0 - j. Give r(-4).
-8
Suppose 0*h - 2*h + 4 = 0. Suppose h*k = -10 - 0. Let c(w) = -w**2 - 5*w - 6. Calculate c(k).
-6
Let v(c) = -c**2 - 12*c - 6. Let o(j) = j**2 - 8*j - 4. Let s be o(7). Let u be v(s). Let l(z) = 0*z + 4*z - z**2 + z - 1 - 2. Calculate l(u).
-3
Let p(m) = 5*m + 4. Let j(n) = 14*n + 12. Let o(q) = -3*j(q) + 8*p(q). Give o(-3).
2
Let m be (2/(-1) - 2)/(-2). Suppose -m*h - 5 = -3*h. Let v(j) = -2*j**2 - 1 - 2*j + j + h*j**3 - 4*j**3 + 3*j. Calculate v(2).
3
Let j(k) = -k + 11. Let n(v) be the third derivative of -v**6/120 + 7*v**5/60 + v**4/3 + 4*v**3/3 - v**2. Let w be n(8). Suppose -w = -4*m + 12. Give j(m).
6
Let j(s) = -6*s**3 - 7*s**2 + 7*s - 5. Let d(t) = 0 + 6 + 10*t**3 - 3*t**3 - 8*t + 8*t**2. Let c(a) = -5*d(a) - 6*j(a). What is c(-2)?
4
Let v(r) be the third derivative of -r**4/8 + 5*r**3/6 + 3*r**2 + 4*r. Let i = -3 - -8. Determine v(i).
-10
Suppose q = 5*q + 2*v - 4, -3*q = 5*v - 17. Let r = -7 - -9. Let b(p) = -p**r - p**2 - 8*p**3 + 3*p**2. Give b(q).
9
Let s = 0 + -1. Let u(z) = 47 + z - 47 + 2*z**2. What is u(s)?
1
Suppose -4 = 4*x, -2*r - 3*r + 5*x + 20 = 0. Let o(n) = -3 + 2 - n - n**r + 0. Let d(j) = -7*j**3 + 3*j**2 - 3*j - 10. Let t(b) = -d(b) + 6*o(b). Give t(3).
-5
Let u = 23 + -18. Suppose -u*z = -z. Let a(o) = o**3 - o - 3. Give a(z).
-3
Let l be (2 + 4)*1/2. Let p(h) be the third derivative of h**6/120 - h**5/60 - h**4/6 - 2*h**2. What is p(l)?
6
Let i = -9 + 14. Let q(x) be the second derivative of -x**5/20 + x**4/2 - 5*x**3/6 - x**2/2 - 34*x. Calculate q(i).
-1
Suppose -13*i + 22 = -2*i. Let o(x) = -4*x**3 + x**2 - 2*x. Give o(i).
-32
Let j be 0*(2 + (-10)/4). Let z(t) be the second derivative of -t**4/12 - 2*t**2 + 6*t. What is z(j)?
-4
Let q = -21 + 16. Let b(r) = -r**3 - 7*r**2 - 8*r - 7. Calculate b(q).
-17
Let v(b) = 10*b**2 - 10*b + 3. Let a(z) = 3*z - 5*z**2 + 2*z**2 + 0*z - 1. Let p(f) = -14*a(f) - 4*v(f). Suppose -6*q - 2 = -14. Calculate p(q).
6
Let z(s) = 6 + 2*s - 1 - 3*s - 2. Let w be z(5). Let k(x) = -2*x**3 - 4*x**2 - 3*x - 2. Determine k(w).
4
Let r(f) = -f**3 + 4*f**2 - f - 1. Let h = 10 + -2. Suppose 2*g - g = h. Suppose 5*q - 7 - g = 0. Calculate r(q).
5
Let u(d) = -d + 1. Let j be ((-2)/(-4))/((-2)/20). Determine u(j).
6
Suppose 0 = 3*b - 2*b + 4. Let p(y) be the third derivative of y**4/12 + y**3/2 + y**2. What is p(b)?
-5
Let l(d) = -3*d + 1. Let g be l(-1). Let y(b) = -7*b + 3*b**2 + g*b - 2*b**2 - 1. Suppose -2*k = -4*k + 8. Calculate y(k).
3
Let x = 1 + -5. Let n be 26/10 - x/10. Let r(i) = 3*i + 14. Let l(m) = m + 7. Let d(b) = 5*l(b) - 2*r(b). Determine d(n).
4
Let q be ((-2)/4)/((-1)/(-8)). Let d(z) = z**2 + 5*z + 4. What is d(q)?
0
Suppose -5*i = d - 3*d - 6, 4 = 2*i. Let f(m) be the first derivative of 4/3*m**3 + 3/2*m**d + 6*m - 1 + 1/4*m**4. Give f(-4).
-6
Suppose -n - 2*x = 0, -4*x = n - 0 - 2. Let i(t) = -376*t**2 + 1 + 1 - t**3 + 374*t**2 + 0. Calculate i(n).
2
Let j = -5 + 8. Suppose -8 = j*b + 4. Let i(x) = x**3 + 5*x**2 - 3*x**2 - 4 + 5*x + 3*x**2. Calculate i(b).
-8
Let l(q) = 7*q**3 + 3*q**2 - 11*q + 9. Let p(m) = m**3 + m**2 - m + 1. Let d(y) = l(y) - 6*p(y). Calculate d(4).
-1
Let c(v) = 3*v**2 - 10*v - 40. Let h = 12 - 5. Let i(x) = -x**2 + 3*x + 13. Let q(y) = h*i(y) + 2*c(y). Let g = 0 + 0. Determine q(g).
11
Suppose 4*g - 5*f + 10 = -10, 3*g + 4 = f. Let z = 47 + -32. Let b(a) = -z + 34 + a - 21. Give b(g).
-2
Let m(l) = -1 + 3*l - 2 - 2*l. Suppose 5*n - 1 = 6*n. Let q be n + 0 + 2 - 6. Calculate m(q).
-8
Let k(m) be the first derivative of m**2/2 - m - 1. Let c(q) = q + 11. Let r be c(-11). Suppose -4*g - 4*x - 24 = -0*x, -3*x - 6 = r. Calculate k(g).
-5
Let j(n) be the third derivative of n**5/20 + n**4/24 + n**2. What is j(1)?
4
Let q(i) = -8*i - 5*i**2 + 3*i**2 + 7*i + 5 - 4. Determine q(3).
-20
Let w(s) = 2*s + 6. Let x be w(-4). Let h be 28/16 - x/8. Let c(v) = -3*v**2 + 6*v**2 + 0*v**2 - 2*v**2 + 2*v. Determine c(h).
8
Let h(u) = u**3 - 4*u**2 - 6*u. Let j = 47 - 42. Give h(j).
-5
Let i = 13 + -9. Let y be (-3)/(-12) - (-3)/i. Let b(n) = n - n + n - y. What is b(-4)?
-5
Let t = 2 + 1. Let n(m) = 2*m + t - 3. Let s = 2 - 3. Give n(s).
-2
Let o(g) be the first derivative of g**3/3 - g**2/2 + 12*g - 8. Give o(0).
12
Suppose -6*x = m - x - 1, 0 = 4*m + 3*x + 13. Let k(f) be the second derivative of -f**5/20 - 5*f**4/12 - 5*f**3/6 - f**2 + 2*f. Give k(m).
2
Let y = -25 - -28. Let p(n) be the first derivative of -n**5/60 + n**4/8 + n**3/3 + n**2/2 - 2. Let b(f) be the second derivative of p(f). Determine b(y).
2
Let r(g) be the first derivative of -g**5/20 - g**4/6 + g**2/2 - g - 3. Let l(c) be the first derivative of r(c). What is l(-2)?
1
Let t(x) = 3*x - 1. Let z be (0 + -3)*(-2)/(-2). Let r(q) = -2*q + 2. Let c(k) = z*t(k) - 4*r(k). Give c(-4).
-1
Let v(p) be the first derivative of p**3/3 - 5*p**2/2 + 4*p - 1. Let k be (6/10)/((-4)/(-20)). Calculate v(k).
-2
Let i(t) = -t**2 + 1. Let x(y) = -y**3 - 3*y**2 - 3 + 5*y - 5*y. Suppose 0 = 2*a + 2*a + 4. Let h(g) = a*x(g) + 2*i(g). Calculate h(0).
5
Let u(c) = -5*c**3 + 9*c**2 + 12*c. Let t(k) = -11*k**3 + 19*k**2 + 25*k + 1. Let o(g) = 4*t(g) - 9*u(g). Determine o(6).
-8
Let h(r) be the first derivative of r**3/3 + 9*r**2/2 - r + 31. Calculate h(-7).
-15
Let n(p) be the first derivative of -p**3/3 + p**2/2 - 7*p + 4. Let i = -3 + 3. Give n(i).
-7
Let v(x) = -6*x**3 + 10*x**2 + 3*x - 3. Let b(s) = -7*s**3 + 11*s**2 + 4*s - 3. Let j(h) = 5*b(h) - 6*v(h). Determine j(3).
-9
Let v be 5/(-2)*4/(-2). Let d(m) = -v*m - m - 2*m + 1. Let g = -11 - -12. Give d(g).
-7
Let b(x) = x**3 + 5*x**2 + 4*x + 1. Suppose -f = -4*z + 8, -3*f = -0*z - z + 13. Let w = z + 1. Suppose w*y = -4*v - 4, -5*y - v - 2 = 17. Calculate b(y).
1
Let s(j) = -1. Let u(r) = -2*r**2 - 15*r - 1. Let i(g) = -g**2 - 7*g. Let v(l) = -5*i(l) + 2*u(l). Let f(h) = 4*s(h) - v(h). Give f(-4).
2
Let l(y) = -5 - 2*y**3 - 5*y**2 - 6*y - 2*y**3 + 3*y**3. Suppose -3*w + w = 8. Calculate l(w).
3
Let t(c) be the third